{"id":838,"date":"2020-06-22T04:14:27","date_gmt":"2020-06-22T02:14:27","guid":{"rendered":"http:\/\/pzm.wroclaw.pl\/?page_id=838"},"modified":"2024-01-15T10:49:56","modified_gmt":"2024-01-15T09:49:56","slug":"przeglady-rejestracyjne-pojazdow","status":"publish","type":"page","link":"https:\/\/pzm.wroclaw.pl\/?page_id=838","title":{"rendered":"Przegl\u0105dy rejestracyjne pojazd\u00f3w"},"content":{"rendered":"\t\t<div data-elementor-type=\"wp-page\" data-elementor-id=\"838\" class=\"elementor elementor-838\" data-elementor-settings=\"[]\">\n\t\t\t\t\t\t<div class=\"elementor-inner\">\n\t\t\t\t\t\t\t<div class=\"elementor-section-wrap\">\n\t\t\t\t\t\t\t<section class=\"elementor-section elementor-top-section elementor-element elementor-element-c407141 elementor-section-boxed elementor-section-height-default elementor-section-height-default\" data-id=\"c407141\" data-element_type=\"section\">\n\t\t\t\t\t\t<div class=\"elementor-container elementor-column-gap-default\">\n\t\t\t\t\t\t\t<div class=\"elementor-row\">\n\t\t\t\t\t<div class=\"elementor-column elementor-col-100 elementor-top-column elementor-element elementor-element-a48ffd9\" data-id=\"a48ffd9\" data-element_type=\"column\">\n\t\t\t<div class=\"elementor-column-wrap elementor-element-populated\">\n\t\t\t\t\t\t\t<div class=\"elementor-widget-wrap\">\n\t\t\t\t\t\t<div class=\"elementor-element elementor-element-98a7ae5 elementor-widget elementor-widget-spacer\" data-id=\"98a7ae5\" data-element_type=\"widget\" data-widget_type=\"spacer.default\">\n\t\t\t\t<div class=\"elementor-widget-container\">\n\t\t\t\t\t<div class=\"elementor-spacer\">\n\t\t\t<div class=\"elementor-spacer-inner\"><\/div>\n\t\t<\/div>\n\t\t\t\t<\/div>\n\t\t\t\t<\/div>\n\t\t\t\t<div class=\"elementor-element elementor-element-0aebe4e elementor-widget-divider--view-line elementor-widget elementor-widget-divider\" data-id=\"0aebe4e\" data-element_type=\"widget\" data-widget_type=\"divider.default\">\n\t\t\t\t<div class=\"elementor-widget-container\">\n\t\t\t\t\t<div class=\"elementor-divider\">\n\t\t\t<span class=\"elementor-divider-separator\">\n\t\t\t\t\t\t<\/span>\n\t\t<\/div>\n\t\t\t\t<\/div>\n\t\t\t\t<\/div>\n\t\t\t\t<div class=\"elementor-element elementor-element-4734483 elementor-widget elementor-widget-heading\" data-id=\"4734483\" data-element_type=\"widget\" data-widget_type=\"heading.default\">\n\t\t\t\t<div class=\"elementor-widget-container\">\n\t\t\t<h2 class=\"elementor-heading-title elementor-size-default\">Przegl\u0105dy rejestracyjne pojazd\u00f3w<\/h2>\t\t<\/div>\n\t\t\t\t<\/div>\n\t\t\t\t<div class=\"elementor-element elementor-element-c02c619 elementor-widget elementor-widget-text-editor\" data-id=\"c02c619\" data-element_type=\"widget\" data-widget_type=\"text-editor.default\">\n\t\t\t\t<div class=\"elementor-widget-container\">\n\t\t\t\t\t\t\t\t<div class=\"elementor-text-editor elementor-clearfix\">\n\t\t\t\t<p>odwied\u017a jedn\u0105 z naszych Stacji Kontroli Pojazd\u00f3w na terenie wojew\u00f3dztwa dolno\u015bl\u0105skiego lub lubuskiego<\/p>\t\t\t\t\t<\/div>\n\t\t\t\t\t\t<\/div>\n\t\t\t\t<\/div>\n\t\t\t\t<div class=\"elementor-element elementor-element-d5321f6 elementor-widget elementor-widget-text-editor\" data-id=\"d5321f6\" data-element_type=\"widget\" data-widget_type=\"text-editor.default\">\n\t\t\t\t<div class=\"elementor-widget-container\">\n\t\t\t\t\t\t\t\t<div class=\"elementor-text-editor elementor-clearfix\">\n\t\t\t\t<p>Pojazdy, poruszaj\u0105ce si\u0119 po drogach, musz\u0105 przechodzi\u0107 okresowe przegl\u0105dy, poniewa\u017c od ich stanu zale\u017cy bezpiecze\u0144stwo zar\u00f3wno kieruj\u0105cego, jak i innych uczestnik\u00f3w ruchu. Badania techniczne, to co prawda obowi\u0105zek, ale nie powinny by\u0107 traktowane jako przykra konieczno\u015b\u0107! Prawid\u0142owo serwisowany samoch\u00f3d nie tylko rzadziej ulega awarii, ale r\u00f3wnie\u017c ma wi\u0119ksz\u0105 warto\u015b\u0107 na rynku aut u\u017cywanych.<\/p>\t\t\t\t\t<\/div>\n\t\t\t\t\t\t<\/div>\n\t\t\t\t<\/div>\n\t\t\t\t<div class=\"elementor-element elementor-element-101e406 elementor-widget elementor-widget-text-editor\" data-id=\"101e406\" data-element_type=\"widget\" data-widget_type=\"text-editor.default\">\n\t\t\t\t<div class=\"elementor-widget-container\">\n\t\t\t\t\t\t\t\t<div class=\"elementor-text-editor elementor-clearfix\">\n\t\t\t\t<p>W przypadku kontroli drogowej i braku wa\u017cnych bada\u0144 technicznych mo\u017ce doj\u015b\u0107 do zatrzymania dowodu rejestracyjnego, a w razie ewentualnej kolizji tak\u017ce problem\u00f3w z ubezpieczycielem &#8211; NIE DOPU\u015a\u0106 DO TEGO!!<\/p>\t\t\t\t\t<\/div>\n\t\t\t\t\t\t<\/div>\n\t\t\t\t<\/div>\n\t\t\t\t<section class=\"elementor-section elementor-inner-section elementor-element elementor-element-1ee16d3 elementor-section-boxed elementor-section-height-default elementor-section-height-default\" data-id=\"1ee16d3\" data-element_type=\"section\">\n\t\t\t\t\t\t<div class=\"elementor-container elementor-column-gap-default\">\n\t\t\t\t\t\t\t<div class=\"elementor-row\">\n\t\t\t\t\t<div class=\"elementor-column elementor-col-50 elementor-inner-column elementor-element elementor-element-41500be\" data-id=\"41500be\" data-element_type=\"column\">\n\t\t\t<div class=\"elementor-column-wrap elementor-element-populated\">\n\t\t\t\t\t\t\t<div class=\"elementor-widget-wrap\">\n\t\t\t\t\t\t<div class=\"elementor-element elementor-element-d4c0d58 elementor-widget elementor-widget-image\" data-id=\"d4c0d58\" data-element_type=\"widget\" data-widget_type=\"image.default\">\n\t\t\t\t<div class=\"elementor-widget-container\">\n\t\t\t\t\t\t\t\t<div class=\"elementor-image\">\n\t\t\t\t\t\t\t\t\t\t\t\t<img loading=\"lazy\" decoding=\"async\" width=\"1024\" height=\"683\" src=\"https:\/\/pzm.wroclaw.pl\/wp-content\/uploads\/2020\/06\/SKP_1.jpg\" class=\"attachment-large size-large\" alt=\"\" srcset=\"https:\/\/pzm.wroclaw.pl\/wp-content\/uploads\/2020\/06\/SKP_1.jpg 1024w, https:\/\/pzm.wroclaw.pl\/wp-content\/uploads\/2020\/06\/SKP_1-300x200.jpg 300w, https:\/\/pzm.wroclaw.pl\/wp-content\/uploads\/2020\/06\/SKP_1-768x512.jpg 768w, https:\/\/pzm.wroclaw.pl\/wp-content\/uploads\/2020\/06\/SKP_1-930x620.jpg 930w\" sizes=\"auto, (max-width: 1024px) 100vw, 1024px\" \/>\t\t\t\t\t\t\t\t\t\t\t\t\t\t<\/div>\n\t\t\t\t\t\t<\/div>\n\t\t\t\t<\/div>\n\t\t\t\t\t\t<\/div>\n\t\t\t\t\t<\/div>\n\t\t<\/div>\n\t\t\t\t<div class=\"elementor-column elementor-col-50 elementor-inner-column elementor-element elementor-element-0b60f62\" data-id=\"0b60f62\" data-element_type=\"column\">\n\t\t\t<div class=\"elementor-column-wrap elementor-element-populated\">\n\t\t\t\t\t\t\t<div class=\"elementor-widget-wrap\">\n\t\t\t\t\t\t<div class=\"elementor-element elementor-element-bc85362 elementor-widget elementor-widget-text-editor\" data-id=\"bc85362\" data-element_type=\"widget\" data-widget_type=\"text-editor.default\">\n\t\t\t\t<div class=\"elementor-widget-container\">\n\t\t\t\t\t\t\t\t<div class=\"elementor-text-editor elementor-clearfix\">\n\t\t\t\t<p>Naszych specjalist\u00f3w charakteryzuje wysoka kultura osobista oraz pe\u0142en profesjonalizm. Odwied\u017a jedn\u0105 z naszych Stacji Kontroli Pojazd\u00f3w (SKP):<\/p><ol><li><span style=\"color: #808080;\"><a style=\"color: #808080;\" href=\"http:\/\/pzm.wroclaw.pl\/?page_id=911\">SKP Lubin<\/a><\/span><\/li><li><span style=\"color: #808080;\"><a style=\"color: #808080;\" href=\"http:\/\/pzm.wroclaw.pl\/?page_id=913\">SKP Jelenia G\u00f3ra<\/a><\/span><\/li><li><span style=\"color: #808080;\"><a style=\"color: #808080;\" href=\"http:\/\/pzm.wroclaw.pl\/?page_id=915\">SKP Zielona G\u00f3ra<\/a><\/span><\/li><\/ol><p>Diagno\u015bci Polskiego Zwi\u0105zku Motorowego sprawdzaj\u0105 elementy, kt\u00f3re maj\u0105 wp\u0142yw na bezpiecze\u0144stwo. Wykonuj\u0105 przegl\u0105dy oraz rejestracje pojazd\u00f3w, a w szczeg\u00f3lno\u015bci przeprowadzaj\u0105: okresowe badania techniczne, pierwsze badania techniczne, dodatkowe badania techniczne.<\/p>\t\t\t\t\t<\/div>\n\t\t\t\t\t\t<\/div>\n\t\t\t\t<\/div>\n\t\t\t\t\t\t<\/div>\n\t\t\t\t\t<\/div>\n\t\t<\/div>\n\t\t\t\t\t\t\t\t<\/div>\n\t\t\t\t\t<\/div>\n\t\t<\/section>\n\t\t\t\t<div class=\"elementor-element elementor-element-2273527 elementor-widget elementor-widget-spacer\" data-id=\"2273527\" data-element_type=\"widget\" data-widget_type=\"spacer.default\">\n\t\t\t\t<div class=\"elementor-widget-container\">\n\t\t\t\t\t<div class=\"elementor-spacer\">\n\t\t\t<div class=\"elementor-spacer-inner\"><\/div>\n\t\t<\/div>\n\t\t\t\t<\/div>\n\t\t\t\t<\/div>\n\t\t\t\t<div class=\"elementor-element elementor-element-f726b56 elementor-widget elementor-widget-text-editor\" data-id=\"f726b56\" data-element_type=\"widget\" data-widget_type=\"text-editor.default\">\n\t\t\t\t<div class=\"elementor-widget-container\">\n\t\t\t\t\t\t\t\t<div class=\"elementor-text-editor elementor-clearfix\">\n\t\t\t\t<p>Organ, dokonuj\u0105cy rejestracji pojazdu, wpisuje do dowodu rejestracyjnego termin badania technicznego pojazdu. Je\u017celi pojazd jest zarejestrowany, kolejny termin badania technicznego wpisuje do dowodu rejestracyjnego diagnosta po stwierdzeniu pozytywnego wyniku badania i po uiszczeniu przez w\u0142a\u015bciciela pojazdu op\u0142aty ewidencyjnej. <br \/>Naszym klientom s\u0142u\u017cymy radami oraz oferujemy dodatkowe sprawdzenie pojazd\u00f3w w ramach systematycznie prowadzonych przez nas akcji \u201eB\u0105d\u017a bezpieczny na drodze\u201d. Decyduj\u0105c si\u0119 na badania w naszych Stacjach Kontroli Pojazd\u00f3w zyskujesz sprawnie przeprowadzon\u0105 diagnostyk\u0119 oraz pe\u0142n\u0105 satysfakcj\u0119 z wykonywanych us\u0142ug.<\/p><p>Zapraszamy serdecznie! Z nami poczujesz si\u0119 bezpiecznie.<\/p>\t\t\t\t\t<\/div>\n\t\t\t\t\t\t<\/div>\n\t\t\t\t<\/div>\n\t\t\t\t<div class=\"elementor-element elementor-element-0ca7b08 elementor-widget-divider--view-line elementor-widget elementor-widget-divider\" data-id=\"0ca7b08\" data-element_type=\"widget\" data-widget_type=\"divider.default\">\n\t\t\t\t<div class=\"elementor-widget-container\">\n\t\t\t\t\t<div class=\"elementor-divider\">\n\t\t\t<span class=\"elementor-divider-separator\">\n\t\t\t\t\t\t<\/span>\n\t\t<\/div>\n\t\t\t\t<\/div>\n\t\t\t\t<\/div>\n\t\t\t\t<div class=\"elementor-element elementor-element-e676de5 elementor-widget elementor-widget-spacer\" data-id=\"e676de5\" data-element_type=\"widget\" data-widget_type=\"spacer.default\">\n\t\t\t\t<div class=\"elementor-widget-container\">\n\t\t\t\t\t<div class=\"elementor-spacer\">\n\t\t\t<div class=\"elementor-spacer-inner\"><\/div>\n\t\t<\/div>\n\t\t\t\t<\/div>\n\t\t\t\t<\/div>\n\t\t\t\t\t\t<\/div>\n\t\t\t\t\t<\/div>\n\t\t<\/div>\n\t\t\t\t\t\t\t\t<\/div>\n\t\t\t\t\t<\/div>\n\t\t<\/section>\n\t\t\t\t\t\t<\/div>\n\t\t\t\t\t\t<\/div>\n\t\t\t\t\t<\/div>\n\t\t","protected":false},"excerpt":{"rendered":"<p>Przegl\u0105dy rejestracyjne pojazd\u00f3w odwied\u017a jedn\u0105 z naszych Stacji Kontroli Pojazd\u00f3w na terenie wojew\u00f3dztwa dolno\u015bl\u0105skiego lub lubuskiego Pojazdy, poruszaj\u0105ce si\u0119 po drogach, musz\u0105 przechodzi\u0107 okresowe przegl\u0105dy, poniewa\u017c od ich stanu zale\u017cy bezpiecze\u0144stwo zar\u00f3wno kieruj\u0105cego, jak i innych uczestnik\u00f3w ruchu. Badania techniczne, to co prawda obowi\u0105zek, ale nie powinny by\u0107 traktowane jako przykra konieczno\u015b\u0107! Prawid\u0142owo serwisowany samoch\u00f3d&hellip;&nbsp;<a href=\"https:\/\/pzm.wroclaw.pl\/?page_id=838\" class=\"\" rel=\"bookmark\">Read More &raquo;<span class=\"screen-reader-text\">Przegl\u0105dy rejestracyjne pojazd\u00f3w<\/span><\/a><\/p>\n","protected":false},"author":1,"featured_media":0,"parent":0,"menu_order":0,"comment_status":"closed","ping_status":"closed","template":"page-templates\/template-pagebuilder-full-width.php","meta":{"neve_meta_sidebar":"full-width","neve_meta_container":"","neve_meta_enable_content_width":"on","neve_meta_content_width":100,"neve_meta_title_alignment":"","neve_meta_author_avatar":"","neve_post_elements_order":"","neve_meta_disable_header":"","neve_meta_disable_footer":"","neve_meta_disable_title":"","spay_email":"","footnotes":""},"class_list":["post-838","page","type-page","status-publish","hentry"],"_links":{"self":[{"href":"https:\/\/pzm.wroclaw.pl\/index.php?rest_route=\/wp\/v2\/pages\/838","targetHints":{"allow":["GET"]}}],"collection":[{"href":"https:\/\/pzm.wroclaw.pl\/index.php?rest_route=\/wp\/v2\/pages"}],"about":[{"href":"https:\/\/pzm.wroclaw.pl\/index.php?rest_route=\/wp\/v2\/types\/page"}],"author":[{"embeddable":true,"href":"https:\/\/pzm.wroclaw.pl\/index.php?rest_route=\/wp\/v2\/users\/1"}],"replies":[{"embeddable":true,"href":"https:\/\/pzm.wroclaw.pl\/index.php?rest_route=%2Fwp%2Fv2%2Fcomments&post=838"}],"version-history":[{"count":31,"href":"https:\/\/pzm.wroclaw.pl\/index.php?rest_route=\/wp\/v2\/pages\/838\/revisions"}],"predecessor-version":[{"id":1835,"href":"https:\/\/pzm.wroclaw.pl\/index.php?rest_route=\/wp\/v2\/pages\/838\/revisions\/1835"}],"wp:attachment":[{"href":"https:\/\/pzm.wroclaw.pl\/index.php?rest_route=%2Fwp%2Fv2%2Fmedia&parent=838"}],"curies":[{"name":"wp","href":"https:\/\/api.w.org\/{rel}","templated":true}]}}